t i be 1/4 + 38/8. Suppose 23 = 3*m + i. What is the highest common factor of 42 and m?
6
Let q(i) = 26*i**2 - i + 1. Let o be q(1). Let z be (-6)/(-9) + 386/6. What is the greatest common factor of o and z?
13
Let a be ((-2)/3)/((-3)/9). Suppose 0 = 15*n - 18*n + 9. Let k be (-5)/((-5)/3) + n. Calculate the greatest common factor of a and k.
2
Suppose 1 = -g - 0. Let r be (g*(-3 + -14))/1. What is the highest common factor of 85 and r?
17
Let o be (1 - 77)/((-1)/2). Calculate the greatest common factor of o and 19.
19
Suppose n - 20 = 16. What is the highest common divisor of n and 9?
9
Let l(k) = -7*k + 2. Let v be l(-2). Calculate the highest common divisor of v and 24.
8
Suppose 3*u + 9 = -0*a - a, 3*a - 17 = 2*u. Suppose 4*k - 4 = a*k. Suppose 2*d + 0*d = 2*b + 20, -d + 2*b = -8. What is the highest common divisor of d and k?
4
Suppose 3 = -3*i - 0. Let z be (-92)/(-6) + i/3. What is the highest common divisor of 6 and z?
3
Let y be (-4)/3 - 460/(-3). Calculate the greatest common factor of 19 and y.
19
Suppose s + 5*p = 8, 0*s - 2*p + 14 = s. Calculate the highest common divisor of 18 and s.
18
Let z = 15 - 10. Let q = z - 7. Let t be 1/((-1)/q) - -4. Calculate the highest common divisor of 18 and t.
6
Let v(u) = 12*u - 10. Let p be v(9). Let b(k) = 6*k + 2. Let n be b(2). What is the greatest common factor of n and p?
14
Suppose 0 = 7*m - 11*m + 44. Suppose -2 + 3 = r. What is the highest common factor of m and r?
1
Let v = -15 - -57. Calculate the highest common factor of v and 24.
6
Let z(k) = k**2 + 6*k + 5. Let c be z(-7). Suppose -3*m + 2*m - 22 = -r, -3*r = 3*m - 48. Suppose -41 = -w + r. What is the greatest common divisor of c and w?
12
Let w = 3 + -3. Let m be -2 - (w + -30 + 2). Calculate the highest common divisor of m and 39.
13
Let l = 22 + -36. Let f = 1 - l. What is the highest common divisor of 6 and f?
3
Suppose 5*c - 106 = -w, -5*c + 6*c - 367 = -4*w. What is the greatest common factor of w and 13?
13
Suppose 2*p + 2 = 0, p - 17 = -y + 4*p. Calculate the highest common divisor of 42 and y.
14
Let h be (8 - 6)/(2/32). Calculate the greatest common factor of 4 and h.
4
Let f(s) be the third derivative of -s**5/60 + 13*s**4/24 + s**3/3 + 4*s**2. Let u be f(7). Calculate the greatest common factor of u and 11.
11
Let y be 0 + (-4 - 50)/(-3). Calculate the highest common factor of y and 72.
18
Suppose -c = -5*c - 84. Let n = 29 + c. What is the greatest common divisor of n and 64?
8
Suppose 18*r = 4*r + 126. What is the highest common divisor of r and 72?
9
Let y(r) = 85*r**2 - 2*r. Let w be y(2). Suppose -q + 5*q - w = 0. Let f be 52/78 + (136/(-6))/(-2). Calculate the highest common divisor of f and q.
12
Let l = 1 + -17. Suppose -3*t = -t - 10, 2*b = 4*t + 44. Let h = l + b. Calculate the highest common factor of 2 and h.
2
Let x = 6 + -1. Suppose 16 = -3*j - x*q, 4*j + 3*q - 1 = -4. Suppose -a + 191 = j*a - 3*r, 4*a - 4*r = 188. Calculate the highest common factor of a and 10.
10
Let g be (-3)/(-9)*3*116. Let y be g/(-36) + 4/18. Let s be (y + 2)/((-1)/6). What is the highest common factor of 6 and s?
6
Let b be 15/24*(-3 + 5)*24. Calculate the greatest common divisor of 15 and b.
15
Suppose -39 = -z - 2*q, z = -2*z - q + 127. Calculate the highest common divisor of z and 473.
43
Let v(l) = l + 35. Let f be v(0). Calculate the greatest common factor of f and 14.
7
Let g(c) = c**3 + c. Let r be g(3). Let u(a) = a**3 - 6*a**2 + 5*a - 6. Let o be u(6). Let m = 34 - o. What is the highest common divisor of m and r?
10
Suppose 3*y = -0 + 234. Suppose 3*s = 2*m + y - 6, -5*s + 120 = 3*m. What is the greatest common divisor of 6 and s?
6
Suppose 4*u = -12 + 28. Suppose u = 4*c - 8. What is the highest common factor of c and 24?
3
Suppose 0 = -w - 9 + 20. Let n = w + -7. Suppose a + 30 = n*a. What is the highest common divisor of a and 5?
5
Let a(k) = k**2 - 4*k + 4. Let i be a(3). Let u(y) = 24*y**2 - 2*y + 1. Let m be u(i). What is the greatest common factor of 253 and m?
23
Let w be 0/(2/(-2) - -2). Let z = 13 - w. Calculate the highest common divisor of 117 and z.
13
Suppose 2 + 10 = 3*k. Suppose -1 = j, 4*t - 12 - 32 = k*j. Calculate the highest common factor of t and 50.
10
Let t(i) = 3*i + 5 + i - 3 - i**2. Let a be 20/6 + 2/3. Let h be t(a). Calculate the highest common factor of h and 1.
1
Let k be 538/6 - (-1)/3. Let l(y) = -y - 2. Let u be l(-6). Suppose 2*x + 20 = u*x. Calculate the greatest common factor of x and k.
10
Let x = 460 + -397. Let h(k) = -k**3 - 5*k**2 + 7. Let l be h(-5). Suppose z = 16 - l. What is the greatest common factor of x and z?
9
Suppose v - 3*v + 28 = 0. What is the greatest common divisor of v and 14?
14
Let o = -7 + 17. Calculate the highest common factor of 15 and o.
5
Let f be (-50)/(((-8)/6)/2). What is the highest common factor of f and 15?
15
Let k = -11 + 16. Suppose 0 = -2*x + 5*g + 35, -2*x - 4*g + 3 = -k. Let i be 172/x - (-4)/(-20). What is the greatest common divisor of i and 51?
17
Suppose -3*y - 8*p + 5 = -3*p, 5*p - 5 = 0. Let v(d) = 0*d**2 + y*d**2 - d - d - d**2 + d**3 - 2. Let x be v(3). What is the greatest common factor of x and 40?
10
Suppose 5*m = 4*m + 18. What is the greatest common factor of m and 9?
9
Let t(x) = -x + 6. Let i be t(6). Suppose b = -i*b + 154. Calculate the greatest common factor of 14 and b.
14
Let d be 52/3 - (-1)/(-3). Let f = -86 + 103. What is the greatest common factor of f and d?
17
Suppose 0 = -6*f + 102 + 444. Suppose -j + 2*j = -1. Let h be f + j/(3/9). Calculate the highest common divisor of h and 22.
22
Let s(w) = -w**2 - 6*w - 6. Let h be s(-4). What is the highest common factor of 5 and h?
1
Suppose 0*i + 3*i - 12 = 0. Suppose 0*g + g = i. Suppose -3*l = -2*q + 136 - 48, -l = -5*q + 220. What is the highest common divisor of g and q?
4
Let f(x) = x**3 - 18*x**2 + 28. Let d be f(18). Calculate the greatest common factor of 14 and d.
14
Suppose 80 = 4*l - 0*l. Calculate the highest common factor of 50 and l.
10
Suppose -j = -0*j + 3. Let q(n) = -n**2 - 4*n + 2. Let m be q(j). Suppose -8 = t - 3*t + 4*d, m*t - 4*d = 32. What is the greatest common factor of 40 and t?
8
Let n = -6 + 10. Suppose 3 = -n*o + 5*o. Let t be -4 + 17 - (1 - o). What is the greatest common divisor of 10 and t?
5
Suppose 48 = 3*s - s. Let m be 18*3*s/9. Let j = 26 - 10. Calculate the greatest common factor of m and j.
16
Suppose 48 = 2*m + 3*q, 3*q + 75 = 3*m - 27. What is the highest common factor of 6 and m?
6
Let j(x) = -13*x + 7. Suppose 0*i - 5*i = 25. Let p be j(i). Let z be (-94)/(-10) - 10/25. Calculate the highest common divisor of p and z.
9
Let d = 144 + -120. Calculate the greatest common divisor of d and 3.
3
Suppose -3*q + 774 = -5*n, n - 1262 = -5*q - 0*n. Suppose -r + 4*b - 85 = -4*r, 5*r + b - 119 = 0. What is the greatest common factor of r and q?
23
Let i(l) = -l**3 - 2*l**2 - 4*l + 9. Let z be i(-4). Calculate the highest common divisor of z and 76.
19
Let w = 187 + -131. Calculate the greatest common divisor of 7 and w.
7
Suppose 4*p = 2*d + 42, 2*d = -0 - 2. Suppose -3*x = -7*x - 4. Let s be x/4 + (-1124)/(-16). What is the highest common divisor of s and p?
10
Suppose 3 = -5*f + 18. Let s be f + (-2 - -2) - -2. What is the highest common divisor of 1 and s?
1
Let m be 4 + (-3 - -7) + -3. What is the highest common divisor of 20 and m?
5
Suppose 9*m - 6*m = 186. Suppose -m = -4*p + 38. Calculate the greatest common divisor of p and 10.
5
Let x = 4 - 1. Calculate the highest common divisor of x and 1.
1
Let y(z) = -3*z**3 - 4*z**2 - z + 2. Let t be y(-2). Suppose 0*p = -3*p + t. What is the greatest common divisor of 36 and p?
4
Suppose 0 = 3*l - 44 + 11. Let d be (10 - 7) + (0 - -2). Let n = l - d. Calculate the highest common factor of n and 24.
6
Let z = -7 - -28. Calculate the highest common factor of 42 and z.
21
Let i(x) = -2*x**2 + 32*x - 22. Let f be i(15). Suppose 1 = o - 0. Calculate the greatest common divisor of f and o.
1
Suppose 0*f + 3 = f. Calculate the greatest common factor of 1 and f.
1
Suppose 0 = 3*y - 26 - 37. Let b = y - 10. What is the greatest common factor of 11 and b?
11
Suppose 4*h - 10 = 2*h. Calculate the highest common factor of 25 and h.
5
Let g(x) = x**3 - 10*x**2 + 2*x - 15. Let f be g(10). Suppose 3*a + f 